. Let s = 877 - z. Suppose 8*w = -29 + s. What is the remainder when 173 is divided by w?
28
Let i(o) = -o**2 + o + 1. Let p(m) = -2*m**3 - 8*m**2 + 9*m + 2. Let g(w) = 2*i(w) + p(w). Calculate the remainder when g(-6) is divided by (-1 - 4)*(-6)/10.
1
Suppose 0*n = -3*n, -2*j = 3*n - 42. Let m(t) = t + 31. What is the remainder when 204 is divided by m(j)?
48
Suppose -31*k + 597 = -1035 - 445. Let a = -42 - -66. Suppose 0 = -5*h + 4*h + 3*y + 11, 4*y + a = 2*h. Calculate the remainder when k is divided by h.
11
Let z = -3449 + 3682. What is the remainder when z is divided by 72?
17
Suppose 0 = -12*q + 9*q - 357. Let y = q - -165. What is the remainder when 365 is divided by y?
43
Calculate the remainder when 308 is divided by (-349 - -361)*((-3)/(-7))/((-4)/(-91)).
74
Let k = -3482 + 3502. Let f = -808 + 1143. Calculate the remainder when f is divided by k.
15
Suppose 44 - 290 = -16*w + 10*w. What is the remainder when w is divided by 23?
18
What is the remainder when 7 - (-999 + -4 - -2) is divided by 2?
0
Let q(r) = 2*r**2 - 5*r - 12. Let o = 1066 - 616. Suppose -o = -4*a - 6*a. Calculate the remainder when a is divided by q(5).
6
Let q = -6 + 10. Let k(c) = 2*c**2 + 2*c + 1. Let r(d) = 102*d - 12996. Calculate the remainder when r(129) is divided by k(q).
39
Let y(a) = a**2 - 35*a + 98. Suppose 0 = -5*r + 5*i - 8*i + 179, -28 = -r + 2*i. Calculate the remainder when y(r) is divided by (-41)/(-3) + (-4)/6.
12
Let s(z) = z**3 + 31*z**2 + 2*z + 73. Let v be s(-31). Suppose -v*b = -6*b - 440. Calculate the remainder when b is divided by 46.
42
Suppose 136*i + 956 = 132*i. Let l = i + 265. Calculate the remainder when l is divided by 26.
0
Let o = -10221 - -10251. Let d(z) = 2*z**2 + 7*z - 6. What is the remainder when o is divided by d(-6)?
6
Let r(h) be the third derivative of 0 + 8*h**2 + 0*h - 3/8*h**4 + 1/30*h**5 + 0*h**3. Calculate the remainder when 9 is divided by r(5).
4
Let n = 1115 - 1076. Let x(a) = -13*a - 14. What is the remainder when n is divided by x(-2)?
3
Let l(f) = -2*f**3 - 4*f**2 - 4*f + 85. What is the remainder when 2666 is divided by l(-8)?
11
Let i = 1 - -26. Let o be (10/6)/(3/i). Suppose -11 - o = -2*k. What is the remainder when 34 is divided by k?
8
Let l(r) = 9*r**2 + 2*r + 1. Let p(y) = 6*y**2 - 12*y + 124. Let q be p(-11). Suppose -13*b - 20 + q = 0. What is the remainder when b is divided by l(2)?
33
Suppose 5*o = 4*d + 421, 0 = 4*o + 2*d - 86 - 230. Let z = 152 - o. What is the remainder when z is divided by 29 - (8 - 15/5)?
23
Let u(m) = -2*m**3 - m**2 - m + 2. Let a = -11 + 31. Calculate the remainder when u(-3) is divided by ((-68)/a)/((-1)/5).
16
Suppose 1662 = 2*z + 1206. Let w = -153 + z. Calculate the remainder when 146 is divided by w.
71
Suppose 0 = 4*y + 2*j + 94 + 132, 4*y = 5*j - 247. Let a = 56 - y. Calculate the remainder when a is divided by 24.
18
Suppose 4*y - 120 = 2*a, -14*y - 27 = -15*y + a. Calculate the remainder when 1723 is divided by y.
7
What is the remainder when 488/(-3)*(176/(-24) + 7)*18 is divided by 30?
16
Let k = -1 - 7. Let m(l) = l**2 - 6*l - 4. Calculate the remainder when m(k) is divided by (-1)/(-6) + (-12 - (-4981)/102).
34
Let r(m) = -m**2 + 2*m - 8. Let g be r(0). Let z = g + 94. Suppose z = -2*p + 380. What is the remainder when p is divided by 37?
36
Let v = 46 - 31. Let p(a) = -a**3 + 10*a**2 - 9. Let f be p(8). Suppose -4*t = h - f, -92 = -5*t - h + 56. Calculate the remainder when t is divided by v.
14
Let v(h) = 126*h + 524. Calculate the remainder when v(0) is divided by 37.
6
Let f = 175 + -107. What is the remainder when 474 is divided by f?
66
Suppose -u + 2*f = 9, -27 = 5*u - 5*f - 7. Let b be (-18 - 89)/(u/(-3)). Suppose 32*p - 35*p = -b. Calculate the remainder when p is divided by 37.
33
Suppose -3*s = -6*s + 135. Let a = -4 + 15. Let o = a + 5. Calculate the remainder when s is divided by o.
13
Let t(d) = -2*d**2 - 75*d + 203. Let z be t(-37). Suppose -5*w - 4*b + 3*b + 320 = 0, -4*w + z = 4*b. Calculate the remainder when w is divided by 5.
0
Suppose -d = -107 - 63. What is the remainder when d is divided by 2106/(20 + 7) - 33?
35
Let w = -104 + 106. Suppose w*l + 5*h = 85, 0 = -3*l + 7*l - 2*h - 158. Calculate the remainder when 72 is divided by l.
32
Let r be (2 - 17/7) + (-9990)/14. Let h(k) = -k**2 - 10*k - 3. Calculate the remainder when r/(-6) - ((-3)/(-3) - 6) is divided by h(-7).
16
Suppose -5*v + 42 + 18 = 0. Let k(h) = -4*h - 12. Let a be k(-8). Suppose 25*j - 885 = a*j. Calculate the remainder when j is divided by v.
9
Let k = -3897 - -3959. What is the remainder when 4462 is divided by k?
60
Suppose -220 = -4*v - 4*k, -4*v + 5*k + 202 = -27. Let g = 1060 - 900. Calculate the remainder when g is divided by v.
48
Let z(m) = m**3 - 11*m**2 - 9*m - 20. Suppose -132 = -37*v + 26*v. Calculate the remainder when 141/6*(-1 - -5) is divided by z(v).
14
Suppose 3*x = -x. Suppose 3*h + x*g + 5*g - 16 = 0, -4*g - 76 = -5*h. Suppose -82*i + 1255 + 2569 = -66*i. What is the remainder when i is divided by h?
11
Suppose h + h = 172. Suppose -5*j + 2*m - 92 = 123, 86 = -2*j + 3*m. Let q = j + h. Calculate the remainder when q is divided by 8.
3
Let d(y) = -y**2 - 6*y + 4. Let h = 30 - 32. What is the remainder when 115/(-20)*(-8)/2 is divided by d(h)?
11
Let b(q) = q**2 - q - 4. Let j be b(3). What is the remainder when 66 is divided by (-4)/(-6)*(31 + j)?
0
Let r be 2/(21/(-14) + 1). What is the remainder when 35 is divided by 21472/1188 - r/(-54)?
17
Let y(l) = -l - 19. Let t be y(-25). Suppose t*g + 25 = 11*g. Suppose g*s = -5*x + 60, x = -s + 6*s. What is the remainder when x is divided by 3?
1
Suppose -3*a + 5*a = 5*u - 59, 3*a + 3*u = -36. Let v = 114 - a. Calculate the remainder when v is divided by 27.
23
Suppose 5*p + 1002 = -20*p + 3127. What is the remainder when 265 is divided by p?
10
Suppose -605 = -8*m + 235. Calculate the remainder when m is divided by 54.
51
Let k(y) = -y**2 - 92*y - 115. Calculate the remainder when k(-31) is divided by 89.
85
Suppose -982 = -h + 3*y, -4*h + 4*y + 2538 = -1406. Calculate the remainder when h is divided by 11.
9
Suppose 5*o + 4*i - 76 = 0, 2*o - 9 = -4*i + 19. Let r(p) = -1 + 4*p + 36 - 6*p + 0*p. What is the remainder when r(-4) is divided by o?
11
Suppose -5*x - 4*i = -555, -17*i - 453 = -4*x - 22*i. Calculate the remainder when x is divided by 28.
23
Suppose 27*f + 18*f + 2715 = 3030. What is the remainder when 2017 is divided by f?
1
Let f be 44/10*(18/4 - 2). Suppose -8*t = -f*t + 75. Calculate the remainder when 112 is divided by t.
12
Suppose 2*j + 2 = 3*j - 4*x, 3*x + 4 = 2*j. Suppose 146 = j*y - 6. Suppose y = 3*s + 2*t, -3*s + 96 = -0*s - 3*t. What is the remainder when s is divided by 16?
12
Calculate the remainder when (-9)/36 + 1*(-2042)/(-8) is divided by 125.
5
Let v(g) = -g**2 - 13*g - 16. Let r be v(-9). Let y be r*((-15)/3)/(-10). Suppose y*u - 16 = 9*u. Calculate the remainder when u is divided by 6.
4
Suppose -3*r = 5*n - 6*n + 37, 5*r = -0*r - 5. Let t(s) = 5*s**3 - s**2 + s - 5. What is the remainder when t(4) is divided by n?
31
Let g(v) = -2*v - 49. Let a(h) = 3*h + 72. Let u(x) = 5*a(x) + 7*g(x). Calculate the remainder when u(30) is divided by 24.
23
Let a = -2500 + 2536. What is the remainder when a is divided by 14?
8
Let b(p) = 23*p + 59. Let v be 16*(88/(-32))/(-11). Calculate the remainder when b(v) is divided by 9.
7
Suppose 132*y - 175 = 131*y. What is the remainder when y is divided by 74?
27
Suppose 186*y = 182*y - 20. What is the remainder when 139 is divided by -15*y/25 - -46?
41
Let n(b) = b**2 + 196. Calculate the remainder when n(0) is divided by -2*(-3 + -2 - 3) + 14/7.
16
Let r(y) be the first derivative of 19*y**3/3 + 3*y**2 - 6*y - 208. What is the remainder when 245 is divided by r(2)?
81
Let m(p) be the third derivative of -p**6/60 + p**5/20 + p**4/8 + p**3/3 + 6*p**2. Let u be m(3). Calculate the remainder when 7 is divided by (18 + u)*1/(2/4).
3
Suppose v - 4*f - 16 = 0, 2*v + 72 = 4*v + 2*f. Suppose -20*w - 1128 = -v*w. What is the remainder when 563 is divided by w?
93
Let z = 120 - 67. Let q = 11 + 97. Suppose 4*y - q = -5*d, 34 = y + 3*d + 7. Calculate the remainder when z is divided by y.
26
Let k = 12449 - 12085. Calculate the remainder when k is divi